e 8, what is 560 + 0?
560
In base 14, what is 4b - 60?
-13
In base 8, what is -354 + -1?
-355
In base 7, what is -656 - -4?
-652
In base 8, what is 10 + 113?
123
In base 11, what is -1 - -34?
33
In base 12, what is 9341 + -2?
933b
In base 12, what is -113 + 12?
-101
In base 14, what is 64 + -5?
5d
In base 10, what is 11 - -35?
46
In base 2, what is 101 - 100010?
-11101
In base 16, what is -52 + 2?
-50
In base 11, what is -13 - 14?
-27
In base 7, what is 351 - -126?
510
In base 16, what is 3c0b + -3?
3c08
In base 2, what is 10 + 11001010000?
11001010010
In base 4, what is 100322 - 3?
100313
In base 15, what is 13 + 4?
17
In base 13, what is -2 - -280?
27b
In base 15, what is 0 + -21b?
-21b
In base 14, what is 5 + -1a6?
-1a1
In base 4, what is -3 + 230?
221
In base 3, what is 1 + -21210?
-21202
In base 8, what is -36472 + -3?
-36475
In base 3, what is 2122 + -2?
2120
In base 2, what is -10000010101 + -101?
-10000011010
In base 9, what is -1008 + 0?
-1008
In base 10, what is 98 + 4?
102
In base 5, what is 221 - -2?
223
In base 8, what is 2173 - 5?
2166
In base 8, what is -13 + 112?
77
In base 9, what is 625 + -1?
624
In base 8, what is 0 - 6200?
-6200
In base 3, what is 10 - 211001?
-210221
In base 15, what is -1 - -3c9?
3c8
In base 11, what is -12 - 19?
-30
In base 6, what is 5 + 1503?
1512
In base 5, what is 1 + 111?
112
In base 14, what is -1b - 16?
-33
In base 8, what is -21 + 25?
4
In base 9, what is -27 - 20?
-47
In base 16, what is 0 - -2bc?
2bc
In base 3, what is 10222 - 10?
10212
In base 13, what is -3 - ab3?
-ab6
In base 11, what is -4 - 600?
-604
In base 12, what is 6 - -1?
7
In base 7, what is -15031 + -2?
-15033
In base 8, what is 7237 + 5?
7244
In base 7, what is -5 - -4353?
4345
In base 16, what is 16a + b?
175
In base 3, what is -2201 + 1101?
-1100
In base 10, what is 5 - 297?
-292
In base 2, what is -10001100 + 110?
-10000110
In base 4, what is -2 - -33?
31
In base 13, what is 2 + -110?
-10b
In base 11, what is 6227 + -4?
6223
In base 6, what is 4154 + -2?
4152
In base 7, what is -3 + 2263?
2260
In base 15, what is -4d9 + 1?
-4d8
In base 4, what is -221311 + -3?
-221320
In base 8, what is -13257 - 0?
-13257
In base 6, what is 0 + -53?
-53
In base 3, what is -2 + -2101101?
-2101110
In base 9, what is 11 - -5?
16
In base 9, what is 55 - -14?
70
In base 2, what is 1001 + -110011110?
-110010101
In base 13, what is 19 - -1?
1a
In base 12, what is -71 + -16?
-87
In base 16, what is ef - 5?
ea
In base 9, what is -26 + 7?
-18
In base 10, what is -215 + 16?
-199
In base 14, what is -1a59 + -5?
-1a60
In base 15, what is -1c5 + 1?
-1c4
In base 14, what is 2 + c09?
c0b
In base 9, what is 4 - -55?
60
In base 2, what is 1 + 10000111?
10001000
In base 16, what is -3e + 5?
-39
In base 12, what is 63 - 17?
48
In base 16, what is -10 - 8?
-18
In base 7, what is -3000 + -15?
-3015
In base 9, what is -10 + 6?
-3
In base 6, what is -540 - 11?
-551
In base 6, what is -1103 - -4?
-1055
In base 6, what is -23342 + 4?
-23334
In base 10, what is -100 + 13?
-87
In base 16, what is -9a - 12?
-ac
In base 3, what is -10001 - -1101?
-1200
In base 13, what is -1 + 4?
3
In base 7, what is -1613 + -5?
-1621
In base 15, what is -66 - -5?
-61
In base 2, what is 10110 + 100000110?
100011100
In base 10, what is 27 - -4?
31
In base 13, what is 0 - -258?
258
In base 13, what is 10 - -10?
20
In base 11, what is -5 - -a59?
a54
In base 3, what is 0 - -21000?
21000
In base 3, what is 102 + 2102?
2211
In base 6, what is -314450 + 3?
-314443
In base 15, what is -19d - 9?
-1a7
In base 8, what is 4 - 10474?
-10470
In base 16, what is -64b3 - 3?
-64b6
In base 8, what is -2 + 7157?
7155
In base 3, what is -210 + 1111?
201
In base 16, what is 1 + 22b?
22c
In base 12, what is 99 - -5?
a2
In base 15, what is 55 - -9?
5e
In base 2, what is 100001 + -100101?
-100
In base 16, what is -2a + 6b?
41
In base 6, what is -1 + -3410?
-3411
In base 16, what is 0 - -61?
61
In base 2, what is 101100 - 100?
101000
In base 4, what is 110 - 2023?
-1313
In base 4, what is -2 + 33?
31
In base 14, what is 24 + -1c?
6
In base 16, what is 4 - 130?
-12c
In base 8, what is -2 - 136?
-140
In base 15, what is -7 + 10?
8
In base 10, what is 1 + 160?
161
In base 5, what is -2312 - 1?
-2313
In base 10, what is -12 - -2?
-10
In base 5, what is 1 + 413?
414
In base 11, what is 1a - 25?
-6
In base 6, what is 10 + 5?
15
In base 16, what is -12 + 3?
-f
In base 15, what is d76 + 4?
d7a
In base 5, what is 1402 + 22?
1424
In base 11, what is -19 - -1068?
104a
In base 12, what is 2 - 34?
-32
In base 12, what is 3 + 5a?
61
In base 15, what is -28 + 7?
-21
In base 16, what is 3 + 125?
128
In base 8, what is 144 - 254?
-110
In base 8, what is -77 - 12?
-111
In base 6, what is -21303 + 3?
-21300
In base 2, what is 11100111100 + -101?
11100110111
In base 2, what is -110 + 10000101?
1111111
In base 13, what is 74 + -2?
72
In base 7, what is -4 + -433?
-440
In base 5, what is -211 - 22?
-233
In base 14, what is -82 - 0?
-82
In base 15, what is -295 + -3?
-298
In base 9, what is -1 - 112?
-113
In base 14, what is -7 + -12?
-19
In base 4, what is 3201 - 21?
3120
In base 7, what is 4023 + -2?
4021
In base 4, what is 2120 - -1?
2121
In base 9, what is -32 + 16?
-15
In base 3, what is 122 - -221?
1120
In base 11, what is 6 + 391?
397
In base 8, what is -7 + -11?
-20
In base 6, what is -1 - -1113?
1112
In base 14, what is -2 + 162?
160
In base 9, what is -3 + 1378?
1375
In base 8, what is -1 + 2775?
2774
In base 11, what is 166 + -1?
165
In base 12, what is 4 + 1b6?
1ba
In base 4, what is 10 - 10121?
-10111
In base 5, what is -23 + -211?
-234
In base 13, what is 0 - 6?
-6
In base 13, what is a + -37?
-2a
In base 15, what is -27b - -5?
-276
In base 2, what is 100 + -10010100?
-10010000
In base 6, what is 24 + -45?
-21
In base 14, what is -6 - 20?
-26
In base 11, what is -561 + -2?
-563
In base 10, what is -16 - 4?
-20
In base 4, what is 12022 + 10?
12032
In base 9, what is -54 - 4?
-58
In base 3, what is -10100 - -22?
-10001
In base 15, what is -5 - c3?
-c8
In base 14, what is 8 - 5a8?
-5a0
In base 13, what is -5 - 42?
-47
In base 5, what is -111132 + -4?
-111141
In base 5, what is -3 + -103131?
-103134
In base 10, what is -3 - 239?
-242
In base 6, what is -10003 + -12?
-10015
In base 6, what is 3 - 2452?
-2445
In base 13, what is -5 - 81?
-86
In base 5, what is 430 - 13?
412
In base 14, what is 1 + -54?
-53
In base 16, what is -5 + 26b?
266
In base 8, what is 60 - 24?
34
In base 9, what is 31 - -4?
35
In base 2, what is -111001011010 - -11?
-111001010111
In base 8, what is 2 - 1232?
-1230
In base 7, what is -1 - 11055?
-11056
In base 8, what is 1 - -20?
21
In base 15, what is -2 + -204?
-206
In base 8, what is 145 + 6?
153
In base 11, what is 5 - 80?
-76
In base 11, what is -576 + 5?
-571
In base 7, what is 1062 + -12?
1050
In base 6, what is -1420 + 12?
-1404
In base 11, what is -32a - 2?
-331
In base 11, what is 50a - -4?
513
In base 2, what is 1011001100110 + 0?
1011001100110
In base 11, what is 75 + -3?
72
In base 8, what is 14 + 224?
240
In base 2, what is -111000010000 + 1?
-111000001111
In base 12, what is 5 + 11?
16
In base 3, what is 10101110101 - -10?
10101110111
In base 6, what is 101 + 121?
222
In base 11, what is -24 + -239?
-262
In base 7, what is 4 + 1416?
1423
In base 6, what is 12 + 3004?
3020
In base 7, what is 116 - 102?
14
In base 9, what is -3 - 258?
-262
In base 14, what is b - -432?
43d
In base 9, what is -16 - 177?
-204
In base 11, what is 53 + 43?
96
In base 10, what is 487 - 4?
483
In base 13, what is a - 10?
-3
In base 12, what is -3 - 1a3?
-1a6
In base 6, what is 1303 - -3?
1310
In base 9, what is 18 + 35?
54
In base 5, what is -3213 - -4?
-3204
In base 4, what is -1002 + -12?
-1020
In base 3, what is 12122 - -10102?
100001
In base 8, what is 1 - 202?
-201
In base 8, what is 5267 - 2?
5265
In base 11, what is -5 - 2096?
-20a0
In base 16, what is -5 + -7b?
-80
In base 4, what is 1 - 1230?
-1223
In base 2, what is -10110111 + 10100011?
-10100
In base 8, what is -3 + 13?
10
In base 2, what is -11 - 10010?
-10101
In base 9, what is -2 + -1447?
-1450
In base 2, what is 10010 - 10010100010?
-10010010000
In base 8, what is -1 - 30?
-31
In base 11, what is 14 + -29?
-15
In base 15, what is -a - 81?
-8b
In 